{"id":298,"date":"2022-11-21T07:06:30","date_gmt":"2022-11-21T06:06:30","guid":{"rendered":"http:\/\/fastwpdemo.com\/newwp\/biogenix\/?page_id=298"},"modified":"2023-03-31T10:59:29","modified_gmt":"2023-03-31T08:59:29","slug":"faq","status":"publish","type":"page","link":"http:\/\/di-oxygene.com\/?page_id=298","title":{"rendered":"FAQ"},"content":{"rendered":"\t\t<div data-elementor-type=\"wp-page\" data-elementor-id=\"298\" class=\"elementor elementor-298\">\n\t\t\t\t\t\t\t\t\t<section class=\"elementor-section elementor-top-section elementor-element elementor-element-d557a58 elementor-section-full_width elementor-section-height-default elementor-section-height-default\" data-id=\"d557a58\" data-element_type=\"section\">\n\t\t\t\t\t\t<div class=\"elementor-container elementor-column-gap-default\">\n\t\t\t\t\t<div class=\"elementor-column elementor-col-100 elementor-top-column elementor-element elementor-element-595bddb\" data-id=\"595bddb\" data-element_type=\"column\">\n\t\t\t<div class=\"elementor-widget-wrap elementor-element-populated\">\n\t\t\t\t\t\t\t\t<div class=\"elementor-element elementor-element-2b608c4 elementor-widget elementor-widget-biogenix_faq\" data-id=\"2b608c4\" data-element_type=\"widget\" data-widget_type=\"biogenix_faq.default\">\n\t\t\t\t<div class=\"elementor-widget-container\">\n\t\t\t\t\n\t<!-- faq-section -->\n\t<section class=\"faq-section sec-pad\">\n\t\t<div class=\"auto-container\">\n\t\t\t<div class=\"row clearfix\">\n\t\t\t\t<div class=\"col-lg-4 col-md-12 col-sm-12 sidebar-side\">\n\t\t\t\t\t<div class=\"faq-sidebar\">\n\t\t\t\t\t\t\t\t\t\t\t\t<div class=\"text\">\n\t\t\t\t\t\t\t<h3>Ecrivez nous directement<\/h3>\t\t\t\t\t\t\t <p>Faites parvenir vos question et pr\u00e9occupation<\/p>\t\t\t\t\t\t<\/div>\n\t\t\t\t\t\t\t\t\t\t\t\t\n\t\t\t\t\t\t\t\t\t\t\t\t<div class=\"form-inner\">\n\t\t\t\t\t\t   \n<div class=\"wpcf7 no-js\" id=\"wpcf7-f357-o1\" lang=\"en-US\" dir=\"ltr\">\n<div class=\"screen-reader-response\"><p role=\"status\" aria-live=\"polite\" aria-atomic=\"true\"><\/p> <ul><\/ul><\/div>\n<form action=\"\/index.php?rest_route=%2Fwp%2Fv2%2Fpages%2F298#wpcf7-f357-o1\" method=\"post\" class=\"wpcf7-form init\" aria-label=\"Contact form\" novalidate=\"novalidate\" data-status=\"init\">\n<div style=\"display: none;\">\n<input type=\"hidden\" name=\"_wpcf7\" value=\"357\" \/>\n<input type=\"hidden\" name=\"_wpcf7_version\" value=\"5.7.4\" \/>\n<input type=\"hidden\" name=\"_wpcf7_locale\" value=\"en_US\" \/>\n<input type=\"hidden\" name=\"_wpcf7_unit_tag\" value=\"wpcf7-f357-o1\" \/>\n<input type=\"hidden\" name=\"_wpcf7_container_post\" value=\"0\" \/>\n<input type=\"hidden\" name=\"_wpcf7_posted_data_hash\" value=\"\" \/>\n<\/div>\n<div class=\"form-group\">\n\t<p><span class=\"wpcf7-form-control-wrap\" data-name=\"text-526\"><input size=\"40\" class=\"wpcf7-form-control wpcf7-text wpcf7-validates-as-required\" aria-required=\"true\" aria-invalid=\"false\" placeholder=\"Nom\" value=\"\" type=\"text\" name=\"text-526\" \/><\/span>\n\t<\/p>\n<\/div>\n<div class=\"form-group\">\n\t<p><span class=\"wpcf7-form-control-wrap\" data-name=\"email-298\"><input size=\"40\" class=\"wpcf7-form-control wpcf7-text wpcf7-email wpcf7-validates-as-required wpcf7-validates-as-email\" aria-required=\"true\" aria-invalid=\"false\" placeholder=\"Email Adresse\" value=\"\" type=\"email\" name=\"email-298\" \/><\/span>\n\t<\/p>\n<\/div>\n<div class=\"form-group\">\n\t<p><span class=\"wpcf7-form-control-wrap\" data-name=\"textarea-823\"><textarea cols=\"40\" rows=\"10\" class=\"wpcf7-form-control wpcf7-textarea wpcf7-validates-as-required\" aria-required=\"true\" aria-invalid=\"false\" placeholder=\"Votre Question...\" name=\"textarea-823\"><\/textarea><\/span>\n\t<\/p>\n<\/div>\n<div class=\"form-group message-btn\">\n\t<p><button type=\"submit\" class=\"theme-btn\">Envoyer<\/button>\n\t<\/p>\n<\/div><p style=\"display: none !important;\"><label>&#916;<textarea name=\"_wpcf7_ak_hp_textarea\" cols=\"45\" rows=\"8\" maxlength=\"100\"><\/textarea><\/label><input type=\"hidden\" id=\"ak_js_1\" name=\"_wpcf7_ak_js\" value=\"229\"\/><script>document.getElementById( \"ak_js_1\" ).setAttribute( \"value\", ( new Date() ).getTime() );<\/script><\/p><div class=\"wpcf7-response-output\" aria-hidden=\"true\"><\/div>\n<\/form>\n<\/div>\n\t\t\t\t\t\t<\/div>\n\t\t\t\t\t\t\t\t\t\t\t\t\t\t\t\t\t<\/div>\n\t\t\t\t<\/div>\n\t\t\t\t<div class=\"col-lg-8 col-md-12 col-sm-12 content-side\">\n\t\t\t\t\t<div class=\"faq-content\">\n\t\t\t\t\t\t<div class=\"upper-box\">\n\t\t\t\t\t\t\t\t\t\t\t\t\t\t<div class=\"title\">\n\t\t\t\t\t\t\t\t<h2>Questions fr\u00e9quentes<\/h2>\n\t\t\t\t\t\t\t<\/div>\n\t\t\t\t\t\t\t\t\t\t\t\t\t<\/div>\n\t\t\t\t\t\t  \n\t\t\t\t\t\t  <ul class=\"accordion-box\">\n\t\t\t\t\t\t   \t\t\t\t\t\t\t<li class=\"accordion block active-block\">\n\t\t\t\t\t\t\t\t<div class=\"acc-btn active\">\n\t\t\t\t\t\t\t\t\t<div class=\"icon-outer\"><i class=\"flaticon-down-arrow\"><\/i><\/div>\n\t\t\t\t\t\t\t\t\t<h4>Quelles sont les solutions de Dioxyg\u00e8ne ?<\/h4>\n\t\t\t\t\t\t\t\t<\/div>\n\t\t\t\t\t\t\t\t<div class=\"acc-content current\">\n\t\t\t\t\t\t\t\t\t<div class=\"text\">\n\t\t\t\t\t\t\t\t\t\t<p>Dioxyg\u00e8ne offre une gamme de solutions incluant des services technologiques tels que FREETRACK et PISTACHE, des services BTP tels que la construction, l'\u00e9lectricit\u00e9, l'\u00e9lectronique, la plomberie et la gestion de projets, des services de transport incluant la gestion de flotte, le transport de personnes et de marchandises, ainsi que des formations sur mesure.<\/p>\n\t\t\t\t\t\t\t\t\t<\/div>\n\t\t\t\t\t\t\t\t<\/div>\n\t\t\t\t\t\t\t<\/li>\n\t\t\t\t\t\t\t\t\t\t\t\t\t\t<li class=\"accordion block \">\n\t\t\t\t\t\t\t\t<div class=\"acc-btn \">\n\t\t\t\t\t\t\t\t\t<div class=\"icon-outer\"><i class=\"flaticon-down-arrow\"><\/i><\/div>\n\t\t\t\t\t\t\t\t\t<h4>Quels sont les services BTP offerts par Dioxyg\u00e8ne ? <\/h4>\n\t\t\t\t\t\t\t\t<\/div>\n\t\t\t\t\t\t\t\t<div class=\"acc-content \">\n\t\t\t\t\t\t\t\t\t<div class=\"text\">\n\t\t\t\t\t\t\t\t\t\t<p>Dioxyg\u00e8ne propose une vari\u00e9t\u00e9 de services BTP, notamment la construction de b\u00e2timents, l'installation d'\u00e9quipements \u00e9lectriques et \u00e9lectroniques, la plomberie et la gestion de projets. Nos \u00e9quipes qualifi\u00e9es s'engagent \u00e0 fournir un travail de qualit\u00e9 sup\u00e9rieure tout en respectant les d\u00e9lais et le budget du projet.<\/p>\n\t\t\t\t\t\t\t\t\t<\/div>\n\t\t\t\t\t\t\t\t<\/div>\n\t\t\t\t\t\t\t<\/li>\n\t\t\t\t\t\t\t\t\t\t\t\t\t\t<li class=\"accordion block \">\n\t\t\t\t\t\t\t\t<div class=\"acc-btn \">\n\t\t\t\t\t\t\t\t\t<div class=\"icon-outer\"><i class=\"flaticon-down-arrow\"><\/i><\/div>\n\t\t\t\t\t\t\t\t\t<h4>Qu'est-ce que FREETRACK ? <\/h4>\n\t\t\t\t\t\t\t\t<\/div>\n\t\t\t\t\t\t\t\t<div class=\"acc-content \">\n\t\t\t\t\t\t\t\t\t<div class=\"text\">\n\t\t\t\t\t\t\t\t\t\t<p>FREETRACK est une plateforme de g\u00e9olocalisation con\u00e7ue par DIOXYGENE O2 pour les entreprises de g\u00e9olocalisation et les entreprises ayant plusieurs v\u00e9hicules \u00e0 g\u00e9rer. Elle offre toutes les fonctionnalit\u00e9s d'une plateforme de g\u00e9olocalisation, y compris le suivi en temps r\u00e9el, la gestion des d\u00e9placements, l'analyse des donn\u00e9es, la gestion de la maintenance et la s\u00e9curit\u00e9.<\/p>\n\t\t\t\t\t\t\t\t\t<\/div>\n\t\t\t\t\t\t\t\t<\/div>\n\t\t\t\t\t\t\t<\/li>\n\t\t\t\t\t\t\t\t\t\t\t\t\t\t<li class=\"accordion block \">\n\t\t\t\t\t\t\t\t<div class=\"acc-btn \">\n\t\t\t\t\t\t\t\t\t<div class=\"icon-outer\"><i class=\"flaticon-down-arrow\"><\/i><\/div>\n\t\t\t\t\t\t\t\t\t<h4>FREETRACK est-il personnalisable pour chaque client ? <\/h4>\n\t\t\t\t\t\t\t\t<\/div>\n\t\t\t\t\t\t\t\t<div class=\"acc-content \">\n\t\t\t\t\t\t\t\t\t<div class=\"text\">\n\t\t\t\t\t\t\t\t\t\t<p>Oui, FREETRACK est personnalisable pour chaque client. Les clients peuvent marquer les logiciels et les applications mobiles comme les leurs, ajouter de nouvelles fonctionnalit\u00e9s et configurer gratuitement la plateforme.<\/p>\n\t\t\t\t\t\t\t\t\t<\/div>\n\t\t\t\t\t\t\t\t<\/div>\n\t\t\t\t\t\t\t<\/li>\n\t\t\t\t\t\t\t\t\t\t\t\t\t\t<li class=\"accordion block \">\n\t\t\t\t\t\t\t\t<div class=\"acc-btn \">\n\t\t\t\t\t\t\t\t\t<div class=\"icon-outer\"><i class=\"flaticon-down-arrow\"><\/i><\/div>\n\t\t\t\t\t\t\t\t\t<h4>Quels sont les m\u00e9tiers du BTP ? <\/h4>\n\t\t\t\t\t\t\t\t<\/div>\n\t\t\t\t\t\t\t\t<div class=\"acc-content \">\n\t\t\t\t\t\t\t\t\t<div class=\"text\">\n\t\t\t\t\t\t\t\t\t\t<p>Les m\u00e9tiers du BTP sont tr\u00e8s diversifi\u00e9s et vont de l'architecte au ma\u00e7on, en passant par l'ing\u00e9nieur en g\u00e9nie civil, le conducteur de travaux, le charpentier, l'\u00e9lectricien, le plombier, le paysagiste, etc.<\/p>\n\t\t\t\t\t\t\t\t\t<\/div>\n\t\t\t\t\t\t\t\t<\/div>\n\t\t\t\t\t\t\t<\/li>\n\t\t\t\t\t\t\t\t\t\t\t\t\t\t<li class=\"accordion block \">\n\t\t\t\t\t\t\t\t<div class=\"acc-btn \">\n\t\t\t\t\t\t\t\t\t<div class=\"icon-outer\"><i class=\"flaticon-down-arrow\"><\/i><\/div>\n\t\t\t\t\t\t\t\t\t<h4>Quels sont les principaux d\u00e9fis du secteur du BTP ? <\/h4>\n\t\t\t\t\t\t\t\t<\/div>\n\t\t\t\t\t\t\t\t<div class=\"acc-content \">\n\t\t\t\t\t\t\t\t\t<div class=\"text\">\n\t\t\t\t\t\t\t\t\t\t<p>Les principaux d\u00e9fis du secteur du BTP incluent la gestion des co\u00fbts et des d\u00e9lais, la conformit\u00e9 aux normes de qualit\u00e9 et de s\u00e9curit\u00e9, la r\u00e9duction de l'impact environnemental, ainsi que l'innovation et la digitalisation pour am\u00e9liorer l'efficacit\u00e9.<\/p>\n\t\t\t\t\t\t\t\t\t<\/div>\n\t\t\t\t\t\t\t\t<\/div>\n\t\t\t\t\t\t\t<\/li>\n\t\t\t\t\t\t\t\t\t\t\t\t\t\t<li class=\"accordion block \">\n\t\t\t\t\t\t\t\t<div class=\"acc-btn \">\n\t\t\t\t\t\t\t\t\t<div class=\"icon-outer\"><i class=\"flaticon-down-arrow\"><\/i><\/div>\n\t\t\t\t\t\t\t\t\t<h4>Quels sont les avantages de l'externalisation de la gestion de flotte ? <\/h4>\n\t\t\t\t\t\t\t\t<\/div>\n\t\t\t\t\t\t\t\t<div class=\"acc-content \">\n\t\t\t\t\t\t\t\t\t<div class=\"text\">\n\t\t\t\t\t\t\t\t\t\t<p>Les avantages de l'externalisation de la gestion de flotte incluent la r\u00e9duction des co\u00fbts et des risques li\u00e9s \u00e0 la gestion interne, la mise en place de meilleures pratiques et de processus de suivi, l'am\u00e9lioration de la qualit\u00e9 de service, la r\u00e9duction de la consommation de carburant, ainsi que la lib\u00e9ration de temps et de ressources pour se concentrer sur le c\u0153ur de m\u00e9tier.<\/p>\n\t\t\t\t\t\t\t\t\t<\/div>\n\t\t\t\t\t\t\t\t<\/div>\n\t\t\t\t\t\t\t<\/li>\n\t\t\t\t\t\t\t\t\t\t\t\t\t\t<li class=\"accordion block \">\n\t\t\t\t\t\t\t\t<div class=\"acc-btn \">\n\t\t\t\t\t\t\t\t\t<div class=\"icon-outer\"><i class=\"flaticon-down-arrow\"><\/i><\/div>\n\t\t\t\t\t\t\t\t\t<h4>Qu'est-ce que Pistache ? <\/h4>\n\t\t\t\t\t\t\t\t<\/div>\n\t\t\t\t\t\t\t\t<div class=\"acc-content \">\n\t\t\t\t\t\t\t\t\t<div class=\"text\">\n\t\t\t\t\t\t\t\t\t\t<p>Pistache est une solution logicielle compl\u00e8te de gestion de flotte de v\u00e9hicules. Elle permet de g\u00e9rer toutes les op\u00e9rations li\u00e9es \u00e0 la flotte de v\u00e9hicules, y compris la maintenance, la gestion des stocks, la gestion des trajets et des conducteurs, la gestion administrative et la facturation.<\/p>\n\t\t\t\t\t\t\t\t\t<\/div>\n\t\t\t\t\t\t\t\t<\/div>\n\t\t\t\t\t\t\t<\/li>\n\t\t\t\t\t\t\t\t\t\t\t\t\t\t<li class=\"accordion block \">\n\t\t\t\t\t\t\t\t<div class=\"acc-btn \">\n\t\t\t\t\t\t\t\t\t<div class=\"icon-outer\"><i class=\"flaticon-down-arrow\"><\/i><\/div>\n\t\t\t\t\t\t\t\t\t<h4>Comment Pistache peut-elle aider \u00e0 g\u00e9rer ma flotte de v\u00e9hicules ? <\/h4>\n\t\t\t\t\t\t\t\t<\/div>\n\t\t\t\t\t\t\t\t<div class=\"acc-content \">\n\t\t\t\t\t\t\t\t\t<div class=\"text\">\n\t\t\t\t\t\t\t\t\t\t<p>Pistache offre une visibilit\u00e9 compl\u00e8te sur toutes les op\u00e9rations li\u00e9es \u00e0 votre flotte de v\u00e9hicules, vous permettant de garder le contr\u00f4le sur vos v\u00e9hicules, vos conducteurs et vos stocks. La solution vous aide \u00e0 optimiser les itin\u00e9raires, \u00e0 suivre la maintenance pr\u00e9ventive et corrective, \u00e0 g\u00e9rer les stocks de pi\u00e8ces de rechange et \u00e0 g\u00e9rer les co\u00fbts d'exploitation.<\/p>\n\t\t\t\t\t\t\t\t\t<\/div>\n\t\t\t\t\t\t\t\t<\/div>\n\t\t\t\t\t\t\t<\/li>\n\t\t\t\t\t\t\t\t\t\t\t\t\t\t<li class=\"accordion block \">\n\t\t\t\t\t\t\t\t<div class=\"acc-btn \">\n\t\t\t\t\t\t\t\t\t<div class=\"icon-outer\"><i class=\"flaticon-down-arrow\"><\/i><\/div>\n\t\t\t\t\t\t\t\t\t<h4>Proposez-vous des formations personnalis\u00e9es ? <\/h4>\n\t\t\t\t\t\t\t\t<\/div>\n\t\t\t\t\t\t\t\t<div class=\"acc-content \">\n\t\t\t\t\t\t\t\t\t<div class=\"text\">\n\t\t\t\t\t\t\t\t\t\t<p>Oui, Dioxyg\u00e8ne propose des formations sur mesure pour r\u00e9pondre aux besoins sp\u00e9cifiques de chaque entreprise. Nous travaillons en \u00e9troite collaboration avec nos clients pour comprendre leurs besoins en mati\u00e8re de formation et concevoir des programmes adapt\u00e9s \u00e0 leurs exigences.<\/p>\n\t\t\t\t\t\t\t\t\t<\/div>\n\t\t\t\t\t\t\t\t<\/div>\n\t\t\t\t\t\t\t<\/li>\n\t\t\t\t\t\t\t\t\t\t\t\t\t\t<li class=\"accordion block \">\n\t\t\t\t\t\t\t\t<div class=\"acc-btn \">\n\t\t\t\t\t\t\t\t\t<div class=\"icon-outer\"><i class=\"flaticon-down-arrow\"><\/i><\/div>\n\t\t\t\t\t\t\t\t\t<h4>Comment puis-je contacter Dioxyg\u00e8ne ? <\/h4>\n\t\t\t\t\t\t\t\t<\/div>\n\t\t\t\t\t\t\t\t<div class=\"acc-content \">\n\t\t\t\t\t\t\t\t\t<div class=\"text\">\n\t\t\t\t\t\t\t\t\t\t<p>Vous pouvez contacter Dioxyg\u00e8ne en remplissant le formulaire de contact sur notre site web, en nous envoyant un e-mail \u00e0 l'adresse indiqu\u00e9e sur notre site, ou en nous appelant directement. Toutes nos coordonn\u00e9es sont disponibles sur notre site web.<\/p>\n\t\t\t\t\t\t\t\t\t<\/div>\n\t\t\t\t\t\t\t\t<\/div>\n\t\t\t\t\t\t\t<\/li>\n\t\t\t\t\t\t\t\t\t\t\t\t\t\t<li class=\"accordion block \">\n\t\t\t\t\t\t\t\t<div class=\"acc-btn \">\n\t\t\t\t\t\t\t\t\t<div class=\"icon-outer\"><i class=\"flaticon-down-arrow\"><\/i><\/div>\n\t\t\t\t\t\t\t\t\t<h4>Qu'est-ce que Pistache ? <\/h4>\n\t\t\t\t\t\t\t\t<\/div>\n\t\t\t\t\t\t\t\t<div class=\"acc-content \">\n\t\t\t\t\t\t\t\t\t<div class=\"text\">\n\t\t\t\t\t\t\t\t\t\t<p><\/p>\n\t\t\t\t\t\t\t\t\t<\/div>\n\t\t\t\t\t\t\t\t<\/div>\n\t\t\t\t\t\t\t<\/li>\n\t\t\t\t\t\t\t \n\t\t\t\t\t\t<\/ul>\n\t\t\t\t\t\t \n\t\t\t\t\t<\/div>\n\t\t\t\t<\/div>\n\t\t\t<\/div>\n\t\t<\/div>\n\t<\/section>\n\t<!-- faq-section end -->\n\t\n\t\t\t<\/div>\n\t\t\t\t<\/div>\n\t\t\t\t\t<\/div>\n\t\t<\/div>\n\t\t\t\t\t\t\t<\/div>\n\t\t<\/section>\n\t\t\t\t\t\t\t<\/div>\n\t\t","protected":false},"excerpt":{"rendered":"<p>Ecrivez nous directement Faites parvenir vos question et pr\u00e9occupation Envoyer Questions fr\u00e9quentes Quelles sont les solutions de Dioxyg\u00e8ne ? Dioxyg\u00e8ne offre une gamme de solutions incluant des services technologiques tels que FREETRACK et PISTACHE, des services BTP tels que la construction, l&rsquo;\u00e9lectricit\u00e9, l&rsquo;\u00e9lectronique, la plomberie et la gestion de projets, des services de transport incluant [&hellip;]<\/p>\n","protected":false},"author":1,"featured_media":0,"parent":0,"menu_order":0,"comment_status":"closed","ping_status":"closed","template":"tpl-default-elementor.php","meta":[],"_links":{"self":[{"href":"http:\/\/di-oxygene.com\/index.php?rest_route=\/wp\/v2\/pages\/298"}],"collection":[{"href":"http:\/\/di-oxygene.com\/index.php?rest_route=\/wp\/v2\/pages"}],"about":[{"href":"http:\/\/di-oxygene.com\/index.php?rest_route=\/wp\/v2\/types\/page"}],"author":[{"embeddable":true,"href":"http:\/\/di-oxygene.com\/index.php?rest_route=\/wp\/v2\/users\/1"}],"replies":[{"embeddable":true,"href":"http:\/\/di-oxygene.com\/index.php?rest_route=%2Fwp%2Fv2%2Fcomments&post=298"}],"version-history":[{"count":13,"href":"http:\/\/di-oxygene.com\/index.php?rest_route=\/wp\/v2\/pages\/298\/revisions"}],"predecessor-version":[{"id":3154,"href":"http:\/\/di-oxygene.com\/index.php?rest_route=\/wp\/v2\/pages\/298\/revisions\/3154"}],"wp:attachment":[{"href":"http:\/\/di-oxygene.com\/index.php?rest_route=%2Fwp%2Fv2%2Fmedia&parent=298"}],"curies":[{"name":"wp","href":"https:\/\/api.w.org\/{rel}","templated":true}]}}