{"id":2345,"date":"2023-03-08T09:18:44","date_gmt":"2023-03-08T08:18:44","guid":{"rendered":"http:\/\/di-oxygene.com\/?page_id=2345"},"modified":"2023-04-27T18:32:35","modified_gmt":"2023-04-27T16:32:35","slug":"plomberie","status":"publish","type":"page","link":"http:\/\/di-oxygene.com\/?page_id=2345","title":{"rendered":"Plomberie"},"content":{"rendered":"\t\t<div data-elementor-type=\"wp-page\" data-elementor-id=\"2345\" class=\"elementor elementor-2345\">\n\t\t\t\t\t\t\t\t\t<section class=\"elementor-section elementor-top-section elementor-element elementor-element-27b24a7 elementor-section-boxed elementor-section-height-default elementor-section-height-default\" data-id=\"27b24a7\" data-element_type=\"section\">\n\t\t\t\t\t\t<div class=\"elementor-container elementor-column-gap-default\">\n\t\t\t\t\t<div class=\"elementor-column elementor-col-50 elementor-top-column elementor-element elementor-element-c6d6265\" data-id=\"c6d6265\" data-element_type=\"column\" data-settings=\"{&quot;background_background&quot;:&quot;classic&quot;}\">\n\t\t\t<div class=\"elementor-widget-wrap elementor-element-populated\">\n\t\t\t\t\t<div class=\"elementor-background-overlay\"><\/div>\n\t\t\t\t\t\t\t\t<div class=\"elementor-element elementor-element-e35c001 elementor-widget elementor-widget-heading\" data-id=\"e35c001\" data-element_type=\"widget\" data-widget_type=\"heading.default\">\n\t\t\t\t<div class=\"elementor-widget-container\">\n\t\t\t<style>\/*! elementor - v3.11.2 - 22-02-2023 *\/\n.elementor-heading-title{padding:0;margin:0;line-height:1}.elementor-widget-heading .elementor-heading-title[class*=elementor-size-]>a{color:inherit;font-size:inherit;line-height:inherit}.elementor-widget-heading .elementor-heading-title.elementor-size-small{font-size:15px}.elementor-widget-heading .elementor-heading-title.elementor-size-medium{font-size:19px}.elementor-widget-heading .elementor-heading-title.elementor-size-large{font-size:29px}.elementor-widget-heading .elementor-heading-title.elementor-size-xl{font-size:39px}.elementor-widget-heading .elementor-heading-title.elementor-size-xxl{font-size:59px}<\/style><h5 class=\"elementor-heading-title elementor-size-default\">Nos solutions BTP<\/h5>\t\t<\/div>\n\t\t\t\t<\/div>\n\t\t\t\t<div class=\"elementor-element elementor-element-1cc8d3a elementor-align-justify elementor-widget elementor-widget-button\" data-id=\"1cc8d3a\" data-element_type=\"widget\" data-widget_type=\"button.default\">\n\t\t\t\t<div class=\"elementor-widget-container\">\n\t\t\t\t\t<div class=\"elementor-button-wrapper\">\n\t\t\t<a href=\"http:\/\/di-oxygene.com\/?page_id=2139\" class=\"elementor-button-link elementor-button elementor-size-md elementor-animation-grow\" role=\"button\">\n\t\t\t\t\t\t<span class=\"elementor-button-content-wrapper\">\n\t\t\t\t\t\t<span class=\"elementor-button-text\">\u00c9LECTRICIT\u00c9<\/span>\n\t\t<\/span>\n\t\t\t\t\t<\/a>\n\t\t<\/div>\n\t\t\t\t<\/div>\n\t\t\t\t<\/div>\n\t\t\t\t<div class=\"elementor-element elementor-element-56c30f5 elementor-align-justify elementor-widget elementor-widget-button\" data-id=\"56c30f5\" data-element_type=\"widget\" data-widget_type=\"button.default\">\n\t\t\t\t<div class=\"elementor-widget-container\">\n\t\t\t\t\t<div class=\"elementor-button-wrapper\">\n\t\t\t<a href=\"http:\/\/di-oxygene.com\/?page_id=2350\" class=\"elementor-button-link elementor-button elementor-size-md elementor-animation-grow\" role=\"button\">\n\t\t\t\t\t\t<span class=\"elementor-button-content-wrapper\">\n\t\t\t\t\t\t<span class=\"elementor-button-text\">CONSTRUCTION<\/span>\n\t\t<\/span>\n\t\t\t\t\t<\/a>\n\t\t<\/div>\n\t\t\t\t<\/div>\n\t\t\t\t<\/div>\n\t\t\t\t<div class=\"elementor-element elementor-element-178becb elementor-align-justify elementor-widget elementor-widget-button\" data-id=\"178becb\" data-element_type=\"widget\" data-widget_type=\"button.default\">\n\t\t\t\t<div class=\"elementor-widget-container\">\n\t\t\t\t\t<div class=\"elementor-button-wrapper\">\n\t\t\t<a href=\"http:\/\/di-oxygene.com\/?page_id=2345\" class=\"elementor-button-link elementor-button elementor-size-md elementor-animation-grow\" role=\"button\">\n\t\t\t\t\t\t<span class=\"elementor-button-content-wrapper\">\n\t\t\t\t\t\t<span class=\"elementor-button-text\">PLOMBERIE<\/span>\n\t\t<\/span>\n\t\t\t\t\t<\/a>\n\t\t<\/div>\n\t\t\t\t<\/div>\n\t\t\t\t<\/div>\n\t\t\t\t<div class=\"elementor-element elementor-element-145a5aa elementor-align-justify elementor-widget elementor-widget-button\" data-id=\"145a5aa\" data-element_type=\"widget\" data-widget_type=\"button.default\">\n\t\t\t\t<div class=\"elementor-widget-container\">\n\t\t\t\t\t<div class=\"elementor-button-wrapper\">\n\t\t\t<a href=\"http:\/\/di-oxygene.com\/?page_id=2579\" class=\"elementor-button-link elementor-button elementor-size-md elementor-animation-grow\" role=\"button\">\n\t\t\t\t\t\t<span class=\"elementor-button-content-wrapper\">\n\t\t\t\t\t\t<span class=\"elementor-button-text\">\u00c9LECTRONIQUE<\/span>\n\t\t<\/span>\n\t\t\t\t\t<\/a>\n\t\t<\/div>\n\t\t\t\t<\/div>\n\t\t\t\t<\/div>\n\t\t\t\t\t<\/div>\n\t\t<\/div>\n\t\t\t\t<div class=\"elementor-column elementor-col-50 elementor-top-column elementor-element elementor-element-3636e68\" data-id=\"3636e68\" data-element_type=\"column\">\n\t\t\t<div class=\"elementor-widget-wrap elementor-element-populated\">\n\t\t\t\t\t\t\t\t<div class=\"elementor-element elementor-element-4d0e91e elementor-widget elementor-widget-text-editor\" data-id=\"4d0e91e\" data-element_type=\"widget\" data-widget_type=\"text-editor.default\">\n\t\t\t\t<div class=\"elementor-widget-container\">\n\t\t\t<style>\/*! elementor - v3.11.2 - 22-02-2023 *\/\n.elementor-widget-text-editor.elementor-drop-cap-view-stacked .elementor-drop-cap{background-color:#818a91;color:#fff}.elementor-widget-text-editor.elementor-drop-cap-view-framed .elementor-drop-cap{color:#818a91;border:3px solid;background-color:transparent}.elementor-widget-text-editor:not(.elementor-drop-cap-view-default) .elementor-drop-cap{margin-top:8px}.elementor-widget-text-editor:not(.elementor-drop-cap-view-default) .elementor-drop-cap-letter{width:1em;height:1em}.elementor-widget-text-editor .elementor-drop-cap{float:left;text-align:center;line-height:1;font-size:50px}.elementor-widget-text-editor .elementor-drop-cap-letter{display:inline-block}<\/style>\t\t\t\t<p>Vous avez besoin d&rsquo;un expert en plomberie pour l&rsquo;installation, la r\u00e9novation ou le d\u00e9bouchage de vos canalisations ? Ne cherchez plus ! Dioxyg\u00e8ne est l\u00e0 pour vous aider. Nos plombiers qualifi\u00e9s sont pr\u00eats \u00e0 intervenir pour vous offrir des services de qualit\u00e9 sup\u00e9rieure. Avec nos tarifs comp\u00e9titifs, vous n&rsquo;avez plus \u00e0 sacrifier la qualit\u00e9 pour le prix. Contactez-nous d\u00e8s maintenant pour b\u00e9n\u00e9ficier de nos offres exceptionnelles et faire de votre projet une r\u00e9alit\u00e9 en un rien de temps !<\/p>\t\t\t\t\t\t<\/div>\n\t\t\t\t<\/div>\n\t\t\t\t<div class=\"elementor-element elementor-element-5ff201c elementor-widget elementor-widget-toggle\" data-id=\"5ff201c\" data-element_type=\"widget\" data-widget_type=\"toggle.default\">\n\t\t\t\t<div class=\"elementor-widget-container\">\n\t\t\t<style>\/*! elementor - v3.11.2 - 22-02-2023 *\/\n.elementor-toggle{text-align:left}.elementor-toggle .elementor-tab-title{font-weight:700;line-height:1;margin:0;padding:15px;border-bottom:1px solid #d4d4d4;cursor:pointer;outline:none}.elementor-toggle .elementor-tab-title .elementor-toggle-icon{display:inline-block;width:1em}.elementor-toggle .elementor-tab-title .elementor-toggle-icon svg{-webkit-margin-start:-5px;margin-inline-start:-5px;width:1em;height:1em}.elementor-toggle .elementor-tab-title .elementor-toggle-icon.elementor-toggle-icon-right{float:right;text-align:right}.elementor-toggle .elementor-tab-title .elementor-toggle-icon.elementor-toggle-icon-left{float:left;text-align:left}.elementor-toggle .elementor-tab-title .elementor-toggle-icon .elementor-toggle-icon-closed{display:block}.elementor-toggle .elementor-tab-title .elementor-toggle-icon .elementor-toggle-icon-opened{display:none}.elementor-toggle .elementor-tab-title.elementor-active{border-bottom:none}.elementor-toggle .elementor-tab-title.elementor-active .elementor-toggle-icon-closed{display:none}.elementor-toggle .elementor-tab-title.elementor-active .elementor-toggle-icon-opened{display:block}.elementor-toggle .elementor-tab-content{padding:15px;border-bottom:1px solid #d4d4d4;display:none}@media (max-width:767px){.elementor-toggle .elementor-tab-title{padding:12px}.elementor-toggle .elementor-tab-content{padding:12px 10px}}.e-con-inner>.elementor-widget-toggle,.e-con>.elementor-widget-toggle{width:var(--container-widget-width);--flex-grow:var(--container-widget-flex-grow)}<\/style>\t\t<div class=\"elementor-toggle\" role=\"tablist\">\n\t\t\t\t\t\t\t<div class=\"elementor-toggle-item\">\n\t\t\t\t\t<div id=\"elementor-tab-title-1001\" class=\"elementor-tab-title\" data-tab=\"1\" role=\"tab\" aria-controls=\"elementor-tab-content-1001\" aria-expanded=\"false\">\n\t\t\t\t\t\t\t\t\t\t\t\t<span class=\"elementor-toggle-icon elementor-toggle-icon-left\" aria-hidden=\"true\">\n\t\t\t\t\t\t\t\t\t\t\t\t\t\t\t<span class=\"elementor-toggle-icon-closed\"><i class=\"fas fa-plus\"><\/i><\/span>\n\t\t\t\t\t\t\t\t<span class=\"elementor-toggle-icon-opened\"><i class=\"elementor-toggle-icon-opened fas fa-minus\"><\/i><\/span>\n\t\t\t\t\t\t\t\t\t\t\t\t\t<\/span>\n\t\t\t\t\t\t\t\t\t\t\t\t<a href=\"\" class=\"elementor-toggle-title\">Installation de plomberie pour les maisons et les entreprises<\/a>\n\t\t\t\t\t<\/div>\n\n\t\t\t\t\t<div id=\"elementor-tab-content-1001\" class=\"elementor-tab-content elementor-clearfix\" data-tab=\"1\" role=\"tabpanel\" aria-labelledby=\"elementor-tab-title-1001\"><p>L&rsquo;installation de plomberie est un service qui permet de mettre en place un syst\u00e8me de plomberie complet et fonctionnel pour votre domicile ou votre entreprise. Elle comprend l&rsquo;installation de tuyaux, de robinetterie, de raccords, de chauffe-eau et de tout autre \u00e9quipement n\u00e9cessaire \u00e0 une utilisation quotidienne de l&rsquo;eau.<\/p><p><strong>Caract\u00e9ristiques :<\/strong><\/p><ul><li>Installation de tuyaux conformes aux normes en vigueur<\/li><li>Installation de robinetterie de qualit\u00e9 pour un usage quotidien<\/li><li>Utilisation de raccords et de mat\u00e9riaux de qualit\u00e9 pour une durabilit\u00e9 accrue<\/li><li>Installation de chauffe-eau pour l&rsquo;eau chaude sanitaire<\/li><li>Respect des d\u00e9lais de livraison et des engagements pris<\/li><li>Suivi et entretien de l&rsquo;installation de plomberie<\/li><\/ul><p><strong>Avantages :<\/strong><\/p><ul><li>Confort : une installation de plomberie bien r\u00e9alis\u00e9e permet d&rsquo;optimiser le confort de votre espace de vie ou de travail<\/li><li>S\u00e9curit\u00e9 : l&rsquo;installation de plomberie est r\u00e9alis\u00e9e par des professionnels qualifi\u00e9s pour garantir la s\u00e9curit\u00e9 de votre domicile ou entreprise<\/li><li>\u00c9conomies d&rsquo;eau : une installation de plomberie bien con\u00e7ue peut r\u00e9duire votre consommation d&rsquo;eau et donc vos co\u00fbts d&rsquo;eau<\/li><li>Respect des normes : une installation de plomberie conforme aux normes permet de respecter les r\u00e9glementations en vigueur<\/li><li>Durabilit\u00e9 : l&rsquo;utilisation de mat\u00e9riaux de qualit\u00e9 permet de prolonger la dur\u00e9e de vie de votre installation de plomberie<\/li><\/ul><p><strong>Conditions de vente :<\/strong><\/p><ul><li>Le devis est r\u00e9alis\u00e9 sur mesure en fonction des besoins de chaque client<\/li><li>Les tarifs sont comp\u00e9titifs et transparents<\/li><li>Les d\u00e9lais de livraison sont respect\u00e9s<\/li><li>Le service apr\u00e8s-vente est assur\u00e9 pour accompagner les clients dans l&rsquo;utilisation de leur installation de plomberie<\/li><\/ul><p><strong>Garanties<\/strong> :<\/p><ul><li>Garantie d\u00e9cennale sur l&rsquo;installation de plomberie<\/li><li>Garantie de conformit\u00e9 aux normes en vigueur<\/li><li>Garantie de qualit\u00e9 sur les mat\u00e9riaux utilis\u00e9s<\/li><\/ul><p>L&rsquo;installation de plomberie est un service essentiel pour garantir le confort et la s\u00e9curit\u00e9 de votre domicile ou entreprise. Elle est r\u00e9alis\u00e9e par des professionnels qualifi\u00e9s et comp\u00e9tents pour r\u00e9pondre \u00e0 tous vos besoins et respecter les normes en vigueur.<\/p><\/div>\n\t\t\t\t<\/div>\n\t\t\t\t\t\t\t<div class=\"elementor-toggle-item\">\n\t\t\t\t\t<div id=\"elementor-tab-title-1002\" class=\"elementor-tab-title\" data-tab=\"2\" role=\"tab\" aria-controls=\"elementor-tab-content-1002\" aria-expanded=\"false\">\n\t\t\t\t\t\t\t\t\t\t\t\t<span class=\"elementor-toggle-icon elementor-toggle-icon-left\" aria-hidden=\"true\">\n\t\t\t\t\t\t\t\t\t\t\t\t\t\t\t<span class=\"elementor-toggle-icon-closed\"><i class=\"fas fa-plus\"><\/i><\/span>\n\t\t\t\t\t\t\t\t<span class=\"elementor-toggle-icon-opened\"><i class=\"elementor-toggle-icon-opened fas fa-minus\"><\/i><\/span>\n\t\t\t\t\t\t\t\t\t\t\t\t\t<\/span>\n\t\t\t\t\t\t\t\t\t\t\t\t<a href=\"\" class=\"elementor-toggle-title\">R\u00e9novation de plomberie pour les b\u00e2timents existants<\/a>\n\t\t\t\t\t<\/div>\n\n\t\t\t\t\t<div id=\"elementor-tab-content-1002\" class=\"elementor-tab-content elementor-clearfix\" data-tab=\"2\" role=\"tabpanel\" aria-labelledby=\"elementor-tab-title-1002\"><p>La r\u00e9novation de plomberie est un service qui permet de mettre \u00e0 niveau et de moderniser les installations sanitaires d&rsquo;un b\u00e2timent existant. Ce service comprend le remplacement des tuyaux et des canalisations, l&rsquo;installation de nouveaux \u00e9quipements sanitaires et la mise en place d&rsquo;un syst\u00e8me de chauffage central.<\/p><p><strong>Caract\u00e9ristiques :<\/strong><\/p><ul><li>\u00c9valuation de l&rsquo;\u00e9tat des installations sanitaires existantes<\/li><li>Identification des probl\u00e8mes de plomberie \u00e0 r\u00e9soudre<\/li><li>Remplacement des tuyaux et des canalisations d\u00e9fectueux<\/li><li>Installation de nouveaux \u00e9quipements sanitaires : WC, lavabo, baignoire, douche, etc.<\/li><li>Mise en place d&rsquo;un syst\u00e8me de chauffage central<\/li><li>Respect des normes en vigueur<\/li><\/ul><p><strong>Avantages :<\/strong><\/p><ul><li>Confort : une r\u00e9novation de plomberie permet d&rsquo;am\u00e9liorer le confort et l&rsquo;esth\u00e9tique des installations sanitaires<\/li><li>\u00c9conomies d&rsquo;eau : des \u00e9quipements sanitaires modernes peuvent r\u00e9duire la consommation d&rsquo;eau<\/li><li>Durabilit\u00e9 : l&rsquo;utilisation de mat\u00e9riaux de qualit\u00e9 prolonge la dur\u00e9e de vie de l&rsquo;installation<\/li><li>S\u00e9curit\u00e9 : la r\u00e9novation de plomberie garantit la s\u00e9curit\u00e9 sanitaire du b\u00e2timent<\/li><li>Valorisation du patrimoine immobilier<\/li><\/ul><p><strong>Conditions de vente :<\/strong><\/p><ul><li>Le devis est r\u00e9alis\u00e9 sur mesure en fonction des besoins de chaque client<\/li><li>Les tarifs sont comp\u00e9titifs et transparents<\/li><li>Les d\u00e9lais de livraison sont respect\u00e9s<\/li><li>Le service apr\u00e8s-vente est assur\u00e9 pour accompagner les clients dans l&rsquo;utilisation de leur installation de plomberie r\u00e9nov\u00e9e<\/li><\/ul><p><strong>Garanties :<\/strong><\/p><ul><li>Garantie d\u00e9cennale sur la r\u00e9novation de plomberie<\/li><li>Garantie de conformit\u00e9 aux normes en vigueur<\/li><li>Garantie de qualit\u00e9 sur les mat\u00e9riaux utilis\u00e9s<\/li><\/ul><p>La r\u00e9novation de plomberie est une \u00e9tape importante pour assurer la s\u00e9curit\u00e9 et le confort des occupants d&rsquo;un b\u00e2timent existant. Ce service est r\u00e9alis\u00e9 par des professionnels qualifi\u00e9s et comp\u00e9tents pour r\u00e9pondre \u00e0 tous vos besoins et respecter les normes en vigueur.<\/p><\/div>\n\t\t\t\t<\/div>\n\t\t\t\t\t\t\t<div class=\"elementor-toggle-item\">\n\t\t\t\t\t<div id=\"elementor-tab-title-1003\" class=\"elementor-tab-title\" data-tab=\"3\" role=\"tab\" aria-controls=\"elementor-tab-content-1003\" aria-expanded=\"false\">\n\t\t\t\t\t\t\t\t\t\t\t\t<span class=\"elementor-toggle-icon elementor-toggle-icon-left\" aria-hidden=\"true\">\n\t\t\t\t\t\t\t\t\t\t\t\t\t\t\t<span class=\"elementor-toggle-icon-closed\"><i class=\"fas fa-plus\"><\/i><\/span>\n\t\t\t\t\t\t\t\t<span class=\"elementor-toggle-icon-opened\"><i class=\"elementor-toggle-icon-opened fas fa-minus\"><\/i><\/span>\n\t\t\t\t\t\t\t\t\t\t\t\t\t<\/span>\n\t\t\t\t\t\t\t\t\t\t\t\t<a href=\"\" class=\"elementor-toggle-title\">D\u00e9bouchage de canalisations pour \u00e9viter les bouchons<\/a>\n\t\t\t\t\t<\/div>\n\n\t\t\t\t\t<div id=\"elementor-tab-content-1003\" class=\"elementor-tab-content elementor-clearfix\" data-tab=\"3\" role=\"tabpanel\" aria-labelledby=\"elementor-tab-title-1003\"><p>Le d\u00e9bouchage de canalisations est un service permettant de pr\u00e9venir et de r\u00e9soudre les bouchons dans les canalisations d&rsquo;un domicile ou d&rsquo;une entreprise. Ce service utilise des outils professionnels pour \u00e9liminer les obstructions et permettre \u00e0 l&rsquo;eau de s&rsquo;\u00e9couler correctement.<\/p><p><strong>Caract\u00e9ristiques :<\/strong><\/p><ul><li>Utilisation d&rsquo;outils professionnels tels que des furets, des d\u00e9boucheurs \u00e0 haute pression, des cam\u00e9ras d&rsquo;inspection et des pompes \u00e0 vide<\/li><li>Intervention rapide pour \u00e9liminer les bouchons en urgence<\/li><li>Utilisation de m\u00e9thodes non-invasives pour pr\u00e9server les canalisations existantes<\/li><li>D\u00e9tection de probl\u00e8mes plus graves tels que les fissures et les infiltrations d&rsquo;eau<\/li><\/ul><p><strong>Avantages :<\/strong><\/p><ul><li>\u00c9conomique : le d\u00e9bouchage de canalisations \u00e9vite des co\u00fbts suppl\u00e9mentaires li\u00e9s aux r\u00e9parations de canalisations endommag\u00e9es ou \u00e0 l&rsquo;achat de produits chimiques nocifs pour l&rsquo;environnement<\/li><li>Efficace : le service de d\u00e9bouchage de canalisations \u00e9limine les obstructions rapidement et efficacement pour \u00e9viter des dommages suppl\u00e9mentaires ou des odeurs d\u00e9sagr\u00e9ables<\/li><li>S\u00e9curit\u00e9 : les techniciens professionnels utilisent des outils et des techniques s\u00fbrs pour pr\u00e9server l&rsquo;int\u00e9grit\u00e9 des canalisations<\/li><li>Pr\u00e9vention : un entretien r\u00e9gulier des canalisations peut \u00e9viter les bouchons et les probl\u00e8mes de plomberie plus graves<\/li><\/ul><p><strong>Conditions de vente :<\/strong><\/p><ul><li>Les tarifs sont comp\u00e9titifs et transparents<\/li><li>Les d\u00e9lais d&rsquo;intervention sont rapides<\/li><li>Le service est disponible 24\/7 pour r\u00e9pondre aux urgences de d\u00e9bouchage de canalisations<\/li><li>Les techniciens sont des professionnels qualifi\u00e9s et form\u00e9s pour fournir un service de qualit\u00e9<\/li><\/ul><p><strong>Garanties :<\/strong><\/p><ul><li>Garantie de satisfaction client : si le client n&rsquo;est pas satisfait du service, une intervention sera r\u00e9alis\u00e9e jusqu&rsquo;\u00e0 satisfaction compl\u00e8te<\/li><li>Garantie d&rsquo;efficacit\u00e9 : si le bouchon n&rsquo;est pas compl\u00e8tement \u00e9limin\u00e9, le service sera gratuit<\/li><\/ul><p>Le d\u00e9bouchage de canalisations est un service essentiel pour \u00e9viter les bouchons et pr\u00e9venir les dommages de plomberie plus graves. Le service utilise des outils et des techniques professionnels pour \u00e9liminer les obstructions rapidement et efficacement tout en pr\u00e9servant l&rsquo;int\u00e9grit\u00e9 des canalisations existantes.<\/p><\/div>\n\t\t\t\t<\/div>\n\t\t\t\t\t\t\t\t<\/div>\n\t\t\t\t<\/div>\n\t\t\t\t<\/div>\n\t\t\t\t\t<\/div>\n\t\t<\/div>\n\t\t\t\t\t\t\t<\/div>\n\t\t<\/section>\n\t\t\t\t\t\t\t<\/div>\n\t\t","protected":false},"excerpt":{"rendered":"<p>Nos solutions BTP \u00c9LECTRICIT\u00c9 CONSTRUCTION PLOMBERIE \u00c9LECTRONIQUE Vous avez besoin d&rsquo;un expert en plomberie pour l&rsquo;installation, la r\u00e9novation ou le d\u00e9bouchage de vos canalisations ? Ne cherchez plus ! Dioxyg\u00e8ne est l\u00e0 pour vous aider. Nos plombiers qualifi\u00e9s sont pr\u00eats \u00e0 intervenir pour vous offrir des services de qualit\u00e9 sup\u00e9rieure. Avec nos tarifs comp\u00e9titifs, vous [&hellip;]<\/p>\n","protected":false},"author":1,"featured_media":0,"parent":0,"menu_order":0,"comment_status":"closed","ping_status":"closed","template":"","meta":[],"_links":{"self":[{"href":"http:\/\/di-oxygene.com\/index.php?rest_route=\/wp\/v2\/pages\/2345"}],"collection":[{"href":"http:\/\/di-oxygene.com\/index.php?rest_route=\/wp\/v2\/pages"}],"about":[{"href":"http:\/\/di-oxygene.com\/index.php?rest_route=\/wp\/v2\/types\/page"}],"author":[{"embeddable":true,"href":"http:\/\/di-oxygene.com\/index.php?rest_route=\/wp\/v2\/users\/1"}],"replies":[{"embeddable":true,"href":"http:\/\/di-oxygene.com\/index.php?rest_route=%2Fwp%2Fv2%2Fcomments&post=2345"}],"version-history":[{"count":67,"href":"http:\/\/di-oxygene.com\/index.php?rest_route=\/wp\/v2\/pages\/2345\/revisions"}],"predecessor-version":[{"id":3531,"href":"http:\/\/di-oxygene.com\/index.php?rest_route=\/wp\/v2\/pages\/2345\/revisions\/3531"}],"wp:attachment":[{"href":"http:\/\/di-oxygene.com\/index.php?rest_route=%2Fwp%2Fv2%2Fmedia&parent=2345"}],"curies":[{"name":"wp","href":"https:\/\/api.w.org\/{rel}","templated":true}]}}