{"id":1845,"date":"2023-03-01T17:56:17","date_gmt":"2023-03-01T16:56:17","guid":{"rendered":"http:\/\/di-oxygene.com\/?page_id=1845"},"modified":"2023-04-27T18:31:21","modified_gmt":"2023-04-27T16:31:21","slug":"charte-de-securite","status":"publish","type":"page","link":"http:\/\/di-oxygene.com\/?page_id=1845","title":{"rendered":"Charte de s\u00e9curit\u00e9"},"content":{"rendered":"\t\t<div data-elementor-type=\"wp-page\" data-elementor-id=\"1845\" class=\"elementor elementor-1845\">\n\t\t\t\t\t\t\t\t\t<section class=\"elementor-section elementor-top-section elementor-element elementor-element-6d5326c elementor-section-boxed elementor-section-height-default elementor-section-height-default\" data-id=\"6d5326c\" data-element_type=\"section\">\n\t\t\t\t\t\t<div class=\"elementor-container elementor-column-gap-default\">\n\t\t\t\t\t<div class=\"elementor-column elementor-col-33 elementor-top-column elementor-element elementor-element-52bf43a\" data-id=\"52bf43a\" data-element_type=\"column\" data-settings=\"{&quot;background_background&quot;:&quot;classic&quot;}\">\n\t\t\t<div class=\"elementor-widget-wrap elementor-element-populated\">\n\t\t\t\t\t\t\t\t<div class=\"elementor-element elementor-element-9b57624 elementor-align-justify elementor-widget elementor-widget-button\" data-id=\"9b57624\" data-element_type=\"widget\" data-widget_type=\"button.default\">\n\t\t\t\t<div class=\"elementor-widget-container\">\n\t\t\t\t\t<div class=\"elementor-button-wrapper\">\n\t\t\t<a href=\"http:\/\/di-oxygene.com\/?page_id=1798\" class=\"elementor-button-link elementor-button elementor-size-md elementor-animation-float\" role=\"button\">\n\t\t\t\t\t\t<span class=\"elementor-button-content-wrapper\">\n\t\t\t\t\t\t<span class=\"elementor-button-text\">Charte Ethique<\/span>\n\t\t<\/span>\n\t\t\t\t\t<\/a>\n\t\t<\/div>\n\t\t\t\t<\/div>\n\t\t\t\t<\/div>\n\t\t\t\t<div class=\"elementor-element elementor-element-aa84d4c elementor-align-justify elementor-widget elementor-widget-button\" data-id=\"aa84d4c\" data-element_type=\"widget\" data-widget_type=\"button.default\">\n\t\t\t\t<div class=\"elementor-widget-container\">\n\t\t\t\t\t<div class=\"elementor-button-wrapper\">\n\t\t\t<a href=\"http:\/\/di-oxygene.com\/?page_id=1842\" class=\"elementor-button-link elementor-button elementor-size-md elementor-animation-float\" role=\"button\">\n\t\t\t\t\t\t<span class=\"elementor-button-content-wrapper\">\n\t\t\t\t\t\t<span class=\"elementor-button-text\">Charte Qualit\u00e9<\/span>\n\t\t<\/span>\n\t\t\t\t\t<\/a>\n\t\t<\/div>\n\t\t\t\t<\/div>\n\t\t\t\t<\/div>\n\t\t\t\t<div class=\"elementor-element elementor-element-8b305b7 elementor-align-justify elementor-widget elementor-widget-button\" data-id=\"8b305b7\" data-element_type=\"widget\" data-widget_type=\"button.default\">\n\t\t\t\t<div class=\"elementor-widget-container\">\n\t\t\t\t\t<div class=\"elementor-button-wrapper\">\n\t\t\t<a href=\"http:\/\/di-oxygene.com\/?page_id=1856\" class=\"elementor-button-link elementor-button elementor-size-md elementor-animation-float\" role=\"button\">\n\t\t\t\t\t\t<span class=\"elementor-button-content-wrapper\">\n\t\t\t\t\t\t<span class=\"elementor-button-text\">Charte Environnementale<\/span>\n\t\t<\/span>\n\t\t\t\t\t<\/a>\n\t\t<\/div>\n\t\t\t\t<\/div>\n\t\t\t\t<\/div>\n\t\t\t\t<div class=\"elementor-element elementor-element-2218a20 elementor-align-justify elementor-widget elementor-widget-button\" data-id=\"2218a20\" data-element_type=\"widget\" data-widget_type=\"button.default\">\n\t\t\t\t<div class=\"elementor-widget-container\">\n\t\t\t\t\t<div class=\"elementor-button-wrapper\">\n\t\t\t<a href=\"http:\/\/di-oxygene.com\/?page_id=1845\" class=\"elementor-button-link elementor-button elementor-size-md elementor-animation-float\" role=\"button\">\n\t\t\t\t\t\t<span class=\"elementor-button-content-wrapper\">\n\t\t\t\t\t\t<span class=\"elementor-button-text\">Charte de S\u00e9curit\u00e9<\/span>\n\t\t<\/span>\n\t\t\t\t\t<\/a>\n\t\t<\/div>\n\t\t\t\t<\/div>\n\t\t\t\t<\/div>\n\t\t\t\t<div class=\"elementor-element elementor-element-8aad4a4 elementor-align-justify elementor-widget elementor-widget-button\" data-id=\"8aad4a4\" data-element_type=\"widget\" data-widget_type=\"button.default\">\n\t\t\t\t<div class=\"elementor-widget-container\">\n\t\t\t\t\t<div class=\"elementor-button-wrapper\">\n\t\t\t<a href=\"http:\/\/di-oxygene.com\/?page_id=1848\" class=\"elementor-button-link elementor-button elementor-size-md elementor-animation-float\" role=\"button\">\n\t\t\t\t\t\t<span class=\"elementor-button-content-wrapper\">\n\t\t\t\t\t\t<span class=\"elementor-button-text\">Charte de Confidentialit\u00e9<\/span>\n\t\t<\/span>\n\t\t\t\t\t<\/a>\n\t\t<\/div>\n\t\t\t\t<\/div>\n\t\t\t\t<\/div>\n\t\t\t\t\t<\/div>\n\t\t<\/div>\n\t\t\t\t<div class=\"elementor-column elementor-col-33 elementor-top-column elementor-element elementor-element-b009542\" data-id=\"b009542\" data-element_type=\"column\">\n\t\t\t<div class=\"elementor-widget-wrap\">\n\t\t\t\t\t\t\t\t\t<\/div>\n\t\t<\/div>\n\t\t\t\t<div class=\"elementor-column elementor-col-33 elementor-top-column elementor-element elementor-element-3ad035f\" data-id=\"3ad035f\" data-element_type=\"column\">\n\t\t\t<div class=\"elementor-widget-wrap elementor-element-populated\">\n\t\t\t\t\t\t\t\t<div class=\"elementor-element elementor-element-07b9b8c elementor-widget elementor-widget-image\" data-id=\"07b9b8c\" data-element_type=\"widget\" data-widget_type=\"image.default\">\n\t\t\t\t<div class=\"elementor-widget-container\">\n\t\t\t<style>\/*! elementor - v3.11.2 - 22-02-2023 *\/\n.elementor-widget-image{text-align:center}.elementor-widget-image a{display:inline-block}.elementor-widget-image a img[src$=\".svg\"]{width:48px}.elementor-widget-image img{vertical-align:middle;display:inline-block}<\/style>\t\t\t\t\t\t\t\t\t\t\t\t<img decoding=\"async\" src=\"http:\/\/di-oxygene.com\/wp-content\/uploads\/elementor\/thumbs\/video-bg-q2s4lv3q5wy2jzbhdbpnfw4bzv1rolwl8crtazymxs.jpg\" title=\"video-bg\" alt=\"video-bg\" loading=\"lazy\" \/>\t\t\t\t\t\t\t\t\t\t\t\t\t\t\t<\/div>\n\t\t\t\t<\/div>\n\t\t\t\t<div class=\"elementor-element elementor-element-494e60e elementor-widget elementor-widget-heading\" data-id=\"494e60e\" data-element_type=\"widget\" data-widget_type=\"heading.default\">\n\t\t\t\t<div class=\"elementor-widget-container\">\n\t\t\t<style>\/*! elementor - v3.11.2 - 22-02-2023 *\/\n.elementor-heading-title{padding:0;margin:0;line-height:1}.elementor-widget-heading .elementor-heading-title[class*=elementor-size-]>a{color:inherit;font-size:inherit;line-height:inherit}.elementor-widget-heading .elementor-heading-title.elementor-size-small{font-size:15px}.elementor-widget-heading .elementor-heading-title.elementor-size-medium{font-size:19px}.elementor-widget-heading .elementor-heading-title.elementor-size-large{font-size:29px}.elementor-widget-heading .elementor-heading-title.elementor-size-xl{font-size:39px}.elementor-widget-heading .elementor-heading-title.elementor-size-xxl{font-size:59px}<\/style><h2 class=\"elementor-heading-title elementor-size-default\">Charte S\u00e9curit\u00e9<\/h2>\t\t<\/div>\n\t\t\t\t<\/div>\n\t\t\t\t<div class=\"elementor-element elementor-element-4cdff60 elementor-widget elementor-widget-text-editor\" data-id=\"4cdff60\" data-element_type=\"widget\" data-widget_type=\"text-editor.default\">\n\t\t\t\t<div class=\"elementor-widget-container\">\n\t\t\t<style>\/*! elementor - v3.11.2 - 22-02-2023 *\/\n.elementor-widget-text-editor.elementor-drop-cap-view-stacked .elementor-drop-cap{background-color:#818a91;color:#fff}.elementor-widget-text-editor.elementor-drop-cap-view-framed .elementor-drop-cap{color:#818a91;border:3px solid;background-color:transparent}.elementor-widget-text-editor:not(.elementor-drop-cap-view-default) .elementor-drop-cap{margin-top:8px}.elementor-widget-text-editor:not(.elementor-drop-cap-view-default) .elementor-drop-cap-letter{width:1em;height:1em}.elementor-widget-text-editor .elementor-drop-cap{float:left;text-align:center;line-height:1;font-size:50px}.elementor-widget-text-editor .elementor-drop-cap-letter{display:inline-block}<\/style>\t\t\t\t<p><em>La s\u00e9curit\u00e9 n&rsquo;est pas un gadget mais un \u00e9tat d&rsquo;esprit.<\/em><\/p><p>Elle rappelle les r\u00e8gles \u00e0 respecter pour assurer la s\u00e9curit\u00e9 des personnes et des biens dans l&rsquo;entreprise.<\/p><p><strong>Article 1<\/strong> : Objectif de la charte de s\u00e9curit\u00e9<br \/>Dioxyg\u00e8ne s&rsquo;engage \u00e0 assurer la s\u00e9curit\u00e9 de ses employ\u00e9s, de ses clients et de ses installations.<\/p><p><strong>Article 2<\/strong> : Formation et sensibilisation<br \/>Dioxyg\u00e8ne s&rsquo;engage \u00e0 former et \u00e0 sensibiliser ses employ\u00e9s sur les risques li\u00e9s \u00e0 leur travail et aux mesures de s\u00e9curit\u00e9 \u00e0 respecter.<\/p><p><strong>Article 3<\/strong> : Utilisation des \u00e9quipements de protection individuelle (EPI)<br \/>Dioxyg\u00e8ne s&rsquo;engage \u00e0 fournir \u00e0 ses employ\u00e9s les EPI n\u00e9cessaires pour leur travail et \u00e0 s&rsquo;assurer qu&rsquo;ils les portent correctement.<\/p><p><strong>Article 4<\/strong> : Maintenance et contr\u00f4le des \u00e9quipements<br \/>Dioxyg\u00e8ne s&rsquo;engage \u00e0 maintenir et \u00e0 contr\u00f4ler r\u00e9guli\u00e8rement les \u00e9quipements pour s&rsquo;assurer qu&rsquo;ils sont en bon \u00e9tat de fonctionnement et ne repr\u00e9sentent pas de risques pour la s\u00e9curit\u00e9.<\/p><p><strong>Article 5<\/strong> : Plan de pr\u00e9vention des risques<br \/>Dioxyg\u00e8ne s&rsquo;engage \u00e0 mettre en place un plan de pr\u00e9vention des risques pour identifier les dangers potentiels et les mesures \u00e0 prendre pour les \u00e9viter.<\/p><p><strong>Article 6<\/strong> : Gestion des produits dangereux<br \/>Dioxyg\u00e8ne s&rsquo;engage \u00e0 stocker et \u00e0 manipuler les produits dangereux de mani\u00e8re appropri\u00e9e et \u00e0 informer les employ\u00e9s et les clients des dangers potentiels.<\/p><p><strong>Article 7<\/strong> : Gestion des d\u00e9chets<br \/>Dioxyg\u00e8ne s&rsquo;engage \u00e0 g\u00e9rer les d\u00e9chets de mani\u00e8re responsable et \u00e0 les \u00e9liminer conform\u00e9ment aux r\u00e9glementations en vigueur.<\/p><p><strong>Article 8<\/strong> : S\u00e9curit\u00e9 incendie<br \/>Dioxyg\u00e8ne s&rsquo;engage \u00e0 prendre des mesures pour pr\u00e9venir les incendies et \u00e0 disposer de moyens appropri\u00e9s pour lutter contre les incendies.<\/p><p><strong>Article 9<\/strong> : Accidents et incidents<br \/>Dioxyg\u00e8ne s&rsquo;engage \u00e0 signaler et \u00e0 enqu\u00eater sur les accidents et incidents, \u00e0 en tirer des le\u00e7ons et \u00e0 prendre les mesures n\u00e9cessaires pour \u00e9viter qu&rsquo;ils ne se reproduisent.<\/p><p><strong>Article 10<\/strong> : S\u00e9curit\u00e9 des prestataires et des visiteurs<br \/>Dioxyg\u00e8ne s&rsquo;engage \u00e0 assurer la s\u00e9curit\u00e9 des prestataires et des visiteurs en leur fournissant les informations et les moyens de s\u00e9curit\u00e9 n\u00e9cessaires.<\/p><p><strong>Article 11<\/strong> : S\u00e9curit\u00e9 des donn\u00e9es<br \/>Dioxyg\u00e8ne s&rsquo;engage \u00e0 prot\u00e9ger les donn\u00e9es de ses clients et de ses employ\u00e9s contre tout acc\u00e8s non autoris\u00e9, toute utilisation abusive et toute perte ou destruction.<\/p><p><strong>Article 12<\/strong> : S\u00e9curit\u00e9 des locaux<br \/>Dioxyg\u00e8ne s&rsquo;engage \u00e0 assurer la s\u00e9curit\u00e9 des locaux en contr\u00f4lant l&rsquo;acc\u00e8s, en installant des dispositifs de s\u00e9curit\u00e9 appropri\u00e9s et en surveillant les activit\u00e9s suspectes.<\/p><p><strong>Article 13<\/strong> : Communication en cas d&rsquo;urgence<br \/>Dioxyg\u00e8ne s&rsquo;engage \u00e0 communiquer rapidement et efficacement en cas d&rsquo;urgence pour assurer la s\u00e9curit\u00e9 de ses employ\u00e9s, de ses clients et de ses installations.<\/p><p><strong>Article 14<\/strong> : Am\u00e9lioration continue<br \/>Dioxyg\u00e8ne s&rsquo;engage \u00e0 am\u00e9liorer continuellement sa charte de s\u00e9curit\u00e9 en \u00e9valuant les risques, en \u00e9coutant les commentaires des employ\u00e9s et des clients et en prenant des mesures pour am\u00e9liorer la s\u00e9curit\u00e9.<\/p>\t\t\t\t\t\t<\/div>\n\t\t\t\t<\/div>\n\t\t\t\t\t<\/div>\n\t\t<\/div>\n\t\t\t\t\t\t\t<\/div>\n\t\t<\/section>\n\t\t\t\t\t\t\t<\/div>\n\t\t","protected":false},"excerpt":{"rendered":"<p>Charte Ethique Charte Qualit\u00e9 Charte Environnementale Charte de S\u00e9curit\u00e9 Charte de Confidentialit\u00e9 Charte S\u00e9curit\u00e9 La s\u00e9curit\u00e9 n&rsquo;est pas un gadget mais un \u00e9tat d&rsquo;esprit. Elle rappelle les r\u00e8gles \u00e0 respecter pour assurer la s\u00e9curit\u00e9 des personnes et des biens dans l&rsquo;entreprise. Article 1 : Objectif de la charte de s\u00e9curit\u00e9Dioxyg\u00e8ne s&rsquo;engage \u00e0 assurer la s\u00e9curit\u00e9 [&hellip;]<\/p>\n","protected":false},"author":1,"featured_media":0,"parent":0,"menu_order":0,"comment_status":"closed","ping_status":"closed","template":"","meta":[],"_links":{"self":[{"href":"http:\/\/di-oxygene.com\/index.php?rest_route=\/wp\/v2\/pages\/1845"}],"collection":[{"href":"http:\/\/di-oxygene.com\/index.php?rest_route=\/wp\/v2\/pages"}],"about":[{"href":"http:\/\/di-oxygene.com\/index.php?rest_route=\/wp\/v2\/types\/page"}],"author":[{"embeddable":true,"href":"http:\/\/di-oxygene.com\/index.php?rest_route=\/wp\/v2\/users\/1"}],"replies":[{"embeddable":true,"href":"http:\/\/di-oxygene.com\/index.php?rest_route=%2Fwp%2Fv2%2Fcomments&post=1845"}],"version-history":[{"count":26,"href":"http:\/\/di-oxygene.com\/index.php?rest_route=\/wp\/v2\/pages\/1845\/revisions"}],"predecessor-version":[{"id":3501,"href":"http:\/\/di-oxygene.com\/index.php?rest_route=\/wp\/v2\/pages\/1845\/revisions\/3501"}],"wp:attachment":[{"href":"http:\/\/di-oxygene.com\/index.php?rest_route=%2Fwp%2Fv2%2Fmedia&parent=1845"}],"curies":[{"name":"wp","href":"https:\/\/api.w.org\/{rel}","templated":true}]}}